units digit of d?
4
What is the tens digit of 1*(-4 - -43 - -2)?
4
Let x = 91 + -55. What is the units digit of (6/18)/(2/x)?
6
Let w = 7 + -3. Let b be 3*10/12*w. Let h = -7 + b. What is the units digit of h?
3
Let k(b) = -9 + 4*b + 3*b + 2*b - 3*b. What is the units digit of k(8)?
9
Suppose -5*j + 2*t = -10, 4*t + 3 + 17 = 0. Suppose -u - 1 = j, -2*c + 2*u + 5 = -c. Suppose -c*y + 0*f = 2*f - 24, 2*y - 9 = f. What is the units digit of y?
6
Suppose 0 = 5*y - 5, 0*y = -4*w - 2*y + 814. What is the hundreds digit of w?
2
Let a(p) = -p**2 - 2*p - 6. Let z(t) = 5*t**2 + 9*t + 23. Let c(q) = 9*a(q) + 2*z(q). Let g be c(0). What is the units digit of g/(2/(-1))*1?
4
Let t(k) = k + 6. Suppose 34 + 26 = 5*d. What is the units digit of t(d)?
8
Let m be 10/2*118/5. Suppose -5*i = -6*k + 3*k - 98, 0 = -5*k - 3*i - m. What is the units digit of k/(-10) + 2/5?
3
Suppose 3*f + 6 = r + 3, -6 = -2*r - 5*f. Let x(i) = i + 3. What is the units digit of x(r)?
6
Let h be 2*(-9)/(-6) - 3. Let f be -2 + (29 + h)/(-1). Let u = f + 45. What is the tens digit of u?
1
Suppose -4*g = 4*j - j - 5, -4*j - 2*g = 0. Let h = j - -13. What is the tens digit of h?
1
Let w(n) = -6*n - 16. What is the units digit of w(-12)?
6
Let k = -93 + 178. What is the units digit of k?
5
Let w(i) = -15*i**2. Let l be w(-1). Let s be -3*(-5)/(l/9). Let j(r) = -r**3 - 8*r**2 + 7*r - 13. What is the units digit of j(s)?
5
Suppose -j + 2*j = 2. Let i be (1 - j)/(3/27). Let s = i - -15. What is the units digit of s?
6
Let d be 1 - -133 - (-10)/(-5). Suppose 0*i = 3*i - d. Let z = i + -23. What is the tens digit of z?
2
What is the units digit of 36 + 0 + (-1 - 3)?
2
Let d(r) = -2*r - 27. Let q be d(0). Let i = q - -59. What is the units digit of i?
2
Let j = 6 - 2. What is the units digit of j - 5 - (-21 + -1)?
1
Let j(x) = -x**3 - 5*x**2 + 7*x + 5. Let w be j(-6). What is the tens digit of (-6)/(-2)*w - -16?
1
Suppose 0 = 3*c + 3, y + c - 2*c - 85 = 0. What is the tens digit of y?
8
Suppose 0 = n - 80 + 24. What is the units digit of n?
6
What is the units digit of (-74)/(-6) + 4/6?
3
Let q(p) = -p**2 + 6*p - 6. Let h be q(4). Suppose -2*g + 66 = h*r, -2*g + 39 = -g + 4*r. What is the tens digit of g?
3
Suppose o - 2 = -5. Let t = 27 + o. What is the tens digit of t?
2
Let w(s) = 2*s - 1. Let i be (2 + -6)/(0 + -2). Let z be w(i). Suppose 0 = -z*a - 4*q - 1, 3*a + 2*q - 23 = 4*q. What is the units digit of a?
5
Suppose -3*r - r = -40. Suppose -5*m - 19 = 11. Let o = r + m. What is the units digit of o?
4
Let w(m) = -m + 3. Let l be w(0). Suppose 6*s + l*y - 145 = 2*s, 4*y = 3*s - 90. What is the units digit of s?
4
Suppose -k = -7 - 4. Let j = k + -9. What is the units digit of j?
2
Let y(c) = -6*c + 2. What is the tens digit of y(-5)?
3
What is the units digit of -1 + 33 + -3 + 7?
6
Let j(z) = z**3 - z**2 + 5. Let u(l) = -l**3 - 6*l**2 + 7*l + 2. Let y be u(-7). Let w be 2/6 + y/(-6). What is the units digit of j(w)?
5
Suppose 0 = -d + 2*c + 10, -4*d + 6*c = c - 31. Suppose -2*a = -d*m + 42, -2*m + m + 5*a = 12. What is the tens digit of m?
1
Let m = -7 - 0. Let n be m/((-7)/30) - 0. Suppose -n = 3*r - 93. What is the tens digit of r?
2
Suppose -4 + 21 = o. Suppose -5*c + 147 = o. Suppose t - c = -3*l, -3*t + l = -4*l - 64. What is the units digit of t?
3
Let x(q) = 5*q - 4. Let g be x(4). Suppose 4*i = 2*a - g, -2*a + 40 = 3*a + i. What is the units digit of a?
8
Suppose 0*a + 4*a = 0. Let z be -1 - (a - 8/1). Let v = -3 + z. What is the units digit of v?
4
What is the tens digit of (-46137)/(-105) + 2 + (-24)/10?
3
Let a = 28 - 17. What is the units digit of (a - 3) + (-1)/(-1)?
9
Let d = 35 + 42. What is the tens digit of d?
7
Let s be (-1 + (-4)/(-3))*9. Suppose x = -s, x = -w - 0*x + 20. What is the tens digit of w?
2
Let t be ((-39)/4)/((-2)/(-8)). Let c = t + 55. Let m = c + -10. What is the units digit of m?
6
Let i(y) = y**2 + 4*y + 5. What is the units digit of i(-9)?
0
Let h = -3 - 3. What is the units digit of (18/(-12))/(h/40)?
0
Suppose 3*k + 2*k - 3*a - 112 = 0, 4*a = -4*k + 96. What is the units digit of k?
3
Let f(x) be the third derivative of x**6/120 + x**5/60 + x**4/24 - x**3/6 - 3*x**2. What is the units digit of f(1)?
2
Let q(d) = -2*d - 6. Let j be (-3 - -1)*2*1. Let y be q(j). Suppose -u - 4*g = -21, u - 2*g = y*g - 11. What is the units digit of u?
5
Let w(m) = -m**3 - 10*m**2 + 15*m + 15. Let o be w(-11). Let u be (1 - o)*(-6)/15. What is the units digit of 42/4*u/(-9)?
4
Let t = 82 - 2. Suppose 0*s = 5*s - t. What is the tens digit of s?
1
Let w be ((-2)/(-4))/(2/(-4)). Suppose 0*c + 3*c + 2 = -5*h, 0 = -c + 4*h + 22. Let n = w + c. What is the units digit of n?
5
Let h(x) = 4*x - x**2 + 1 + 2*x**2 + 3. Let d be h(-3). Suppose 2*t + d = 7. What is the units digit of t?
3
Suppose -2*f = -21 - 41. Let v = f - 19. What is the tens digit of v?
1
What is the units digit of 54/5*(-55)/(-22)?
7
Suppose 0 = -k - 5*k + 246. What is the units digit of k?
1
Suppose 0 = t + 3 - 45. Suppose -4*b + 50 = s, s + 0*b = 4*b + t. What is the units digit of s?
6
Let x = 13 - 7. Suppose 2*o + 40 = x*o. What is the tens digit of o?
1
Suppose 2*c = k + 8 + 4, -3*k = -2*c + 20. What is the tens digit of ((-2)/(-6))/(k/(-204))?
1
Let z(f) = f - f**2 - 2*f**2 + 2 + 2*f**3 - f**2. Let n(k) = k**3 - 7*k**2 + 2. Let x be n(7). What is the units digit of z(x)?
4
Let a(i) = -i**3 - i**2 + 35. Let n be a(0). Let f be 270/n + (-4)/(-14). Suppose -f = q - 5*q. What is the units digit of q?
2
What is the tens digit of (-573)/(-5) + 4/10?
1
Suppose 4*i + 8 = 32. Suppose 0 = -3*k - 3*j + 27, k - 2*j + 0 = -i. What is the units digit of k?
4
Let h be 1*((-4)/(-2) - 1). Suppose 2*u + h = 3. What is the units digit of u/2 - (-3)/6?
1
What is the units digit of (-25)/20*(-12)/1?
5
Let l = 43 + -27. Let c be 1/4 + 60/l. Suppose i = c + 10. What is the tens digit of i?
1
Suppose -5*o - 7 = -3*m, -3*m - 2*o = -0*o + 7. Let b(j) be the third derivative of 2*j**5/15 - j**4/24 - 2*j**2. What is the units digit of b(m)?
9
Let d be (-2)/5 - (-34)/10. Suppose -3*o = h - 2*h - d, -4*o + 2 = -2*h. What is the units digit of 4/(o/1) + 4?
6
Let c = -151 + 224. Suppose 5*q - c = -13. What is the units digit of q?
2
Suppose 4*k - 41 = 79. What is the tens digit of k?
3
Let w(q) = 13*q. What is the units digit of w(1)?
3
Let x(c) = -14*c + 5. What is the units digit of x(-7)?
3
Suppose -4*b = -4*l + 10 - 2, -b = -3*l + 2. Suppose -2*y + 3 + 57 = l. What is the units digit of y?
0
Let h(o) = -o**2 + 19*o - 2. What is the units digit of h(15)?
8
Let n = 6 + 12. What is the tens digit of n?
1
Suppose 16 = c + 5*m - 11, 30 = 5*c + 4*m. Let k be 0 + 0/c + 0. Suppose 4*d + d - 25 = k. What is the units digit of d?
5
Let y(r) be the third derivative of -r**4/3 - r**3/2 - r**2. Let p be y(-2). Suppose 0 = 3*l - 4*t - p, -1 = -l + 2*t - 4*t. What is the units digit of l?
3
Let u = 13 + -27. Let j be 2/6 + u/(-3). Suppose -j*p + 5 = -3*z, -2*z + 4*z - 30 = -5*p. What is the units digit of p?
4
Let x(l) = -l**2 + 5*l - 3. Let h be x(4). What is the units digit of 1/h + (0 - -2)?
3
What is the units digit of (390/12)/(1/6)?
5
Suppose -2*u = u - 78. Let a(i) = 3*i. Let t be a(-3). Let w = u + t. What is the units digit of w?
7
Suppose x - 4*x + 111 = 0. What is the tens digit of x?
3
Let k = -3 - 1. Let i(m) be the first derivative of -m**4/4 - m**3 + m**2/2 - 5*m - 1. What is the units digit of i(k)?
7
Let y = 104 + -60. What is the tens digit of y?
4
Let a(w) = 3*w - 1. Let h(v) = v**3 + 4*v**2 - 6*v - 7. Let n be h(-5). Let t be (0 - -1)*(n - -4). What is the units digit of a(t)?
5
Suppose 10*f - 1408 = 1412. What is the hundreds digit of f?
2
Let z(n) = 60*n**3 + 6*n**2 - 6*n + 10. Let m(c) = -20*c**3 - 2*c**2 + 2*c - 3. Let f(j) = -7*m(j) - 2*z(j). What is the units digit of f(1)?
1
Suppose 0 = -w + 2*w - 13. Suppose 0 = -4*l + 3*o + w, -3*o = -5*l + o + 15. What is the units digit of l?
7
Suppose 0 = 3*b - 160 - 335. Suppose -5*q = -0*q - b. What is the units digit of q?
3
Suppose -56*o - 120 = -59*o. What is the units digit of o?
0
Suppose 22 = 3*y + 4. Suppose y*b - 12 = 3*b. Let f = 0 + b. What is the units digit of f?
4
Suppose -2*t + 740 = 3*t. What is the units digit of t?
8
Suppose 8 = -4*w + 4. Suppose -3 = -m + 2.